pose 0 = -3*t + 9, 1 + 6 = -2*x + 5*t. Suppose x*i + 4*w - 28 = 0, i - 3*w + 8 = 19. What is the greatest common divisor of i and k?
8
Let y = 219 - 126. What is the highest common divisor of 31 and y?
31
Suppose d - 5 = 10. Let h = 3 + 1. Suppose -4*s + 3 = 4*y - 5*y, 0 = -h*s + 8. Calculate the greatest common divisor of y and d.
5
Let d(p) be the first derivative of -2 + 0*p + 43/3*p**3 + 1/2*p**2. Let a be d(-1). What is the highest common divisor of a and 14?
14
Suppose c + 1 = -2. Let m be -5*(2 + 9/c). What is the greatest common factor of m and 2?
1
Let m be 9/3 + (-15)/(-3). Calculate the greatest common factor of m and 64.
8
Let n be 4*(-3 - (-27)/6). Suppose -a + n = -0*a. Calculate the highest common divisor of a and 15.
3
Suppose -4*g - 8 = 0, 3*g - 471 = -4*q + 135. Suppose -4*b + b = -q. Calculate the highest common factor of 34 and b.
17
Let y(u) = 13*u - 2. Let a be y(3). Let j be (-6 + 3 - -2) + a. Calculate the greatest common factor of j and 24.
12
Suppose -8*g = -105 - 39. Calculate the greatest common factor of 2 and g.
2
Suppose 0*g + 48 = -2*g. Let l = g + 34. What is the greatest common factor of l and 10?
10
Let a(g) = 2*g + 6. Let s be a(8). What is the highest common factor of 11 and s?
11
Suppose 2*s - 10 = 16. Calculate the greatest common factor of s and 52.
13
Let c(m) = 3*m - 4. Let v be c(3). Suppose 5*k + v*s = -20, 4*k - 8*s - 20 = -3*s. Suppose -3*q + 148 - 49 = k. Calculate the highest common factor of 11 and q.
11
Suppose 0 = 5*k - 3*l - l - 15, 4 = -3*k + 5*l. Let b(i) = 2*i - 4*i + 4*i. Let s be b(k). What is the greatest common factor of 35 and s?
7
Let f = 78 - 53. Calculate the highest common divisor of 225 and f.
25
Suppose -2*j + 4*j = 34. Calculate the highest common factor of j and 187.
17
Suppose -16*m = -4*m - 504. Calculate the greatest common divisor of m and 21.
21
Suppose 4*g - 88 = -2*u + u, 2*g - 5*u - 22 = 0. Suppose 5*i - 9 = g. Calculate the highest common divisor of i and 4.
2
Let t(g) = 3*g**2 - g**2 + 6*g**2. Let o be t(-1). Suppose -q + 3*h + 2*h = -57, 2*q - 150 = -2*h. Calculate the greatest common factor of q and o.
8
Suppose 2*c = -4*h - 0*h - 322, -4*c = -4*h + 608. Let u = c - -226. Let r = u - 27. Calculate the highest common factor of r and 11.
11
Let a = 44 - 16. Let o = 15 - 8. What is the highest common factor of a and o?
7
Let b = 3 - 2. Let k be (3/(-6) - b)*-6. Let j be 2/k - (-403)/9. What is the highest common divisor of j and 18?
9
Let m(q) = q + 8. Let d be m(5). Suppose 0*n - 455 = -5*n. What is the highest common divisor of n and d?
13
Let m be (3/(-6))/((-2)/(-64)). Suppose 2*x - 4 = -2*x. Let u be (m - x)*(-21)/3. What is the highest common divisor of u and 17?
17
Suppose 3*o - d = d + 20, 5*d = -5*o. Suppose 3*r = -0*r. Suppose -o*n - n + 200 = r. What is the greatest common divisor of n and 8?
8
Suppose l + 15 = 2*l. Suppose -2*v = v - l. Let q = 24 + 1. What is the greatest common divisor of q and v?
5
Let q(s) = -s**3 - 7*s**2 - 5*s + 8. Let r be q(-6). Let j(o) = 7*o + 7*o - 2 + 0. Let n be j(r). Calculate the highest common divisor of n and 13.
13
Let u be (1 - (-75)/6)*-2. Let q = 13 + u. Let j = -7 - q. Calculate the greatest common factor of j and 77.
7
Suppose 9 = 3*w, h - 5*w - 2 = 5. What is the highest common divisor of 154 and h?
22
Suppose 2*j - 4*j = -4. Let m be j/(-6) + 60/18. Calculate the highest common factor of 27 and m.
3
Let l(y) be the second derivative of y**5/4 + y**4/12 - y**3/3 + y**2/2 + 2*y. Let n be l(1). What is the greatest common divisor of 35 and n?
5
Suppose 3*d = 4*d - 29. What is the greatest common divisor of 319 and d?
29
Let r = -11 - -4. Let t be (r/(-3))/(7/21). Suppose -2*v = -0*v - 154. What is the highest common divisor of t and v?
7
Suppose -5*c + 16 = -4. Suppose -2*k + 0*r = 4*r + c, 0 = -3*k + 2*r - 46. Let b = k - -20. What is the greatest common factor of 8 and b?
8
Let f(k) = k + 4. Let p be f(-11). Suppose 3*g = -y - 73, -2*g + 5*g - 5*y + 67 = 0. Let t be (p/(-4))/((-2)/g). What is the highest common factor of t and 189?
21
Let a(o) = -o + 17. Let l be a(7). Calculate the highest common factor of 2 and l.
2
Let s be 8/36 + (-322)/(-9). Let g = s + -22. What is the greatest common factor of g and 2?
2
Let u(f) = f + 1. Let z be u(6). Let d be 15 - (-3 + (z - 1)). Calculate the greatest common factor of 4 and d.
4
Suppose r = -p + 4*r + 16, -p = -r - 16. What is the highest common factor of 72 and p?
8
Let f be (2/(-4))/(3/(-78)). Suppose 0 = 5*u - 195 + 65. What is the highest common divisor of f and u?
13
Let q(h) = h**3 + 6*h**2 - h + 2. Let a be q(-6). Suppose a = -2*v, -266 = -2*c + 3*v + 452. Let k = c + -155. Calculate the highest common divisor of k and 18.
18
Let t be 12 + 3/(3/2). Let s = 82 + -55. Let y = 62 - s. Calculate the highest common factor of t and y.
7
Let f(r) = r**3 - 5*r**2 + 4*r. Let z be f(5). Let y = 10 - 5. Calculate the greatest common factor of z and y.
5
Let z be 6/(-3)*7/(-2). Calculate the highest common factor of z and 14.
7
Suppose 2*c - 2 = -p, 4*p = 5*c + 5*p - 11. Let j be 4/6 + (-4)/(-12). What is the highest common factor of c and j?
1
Suppose -5*b + 2*k = 4*k - 171, -115 = -3*b + 5*k. Calculate the greatest common divisor of b and 5.
5
Suppose -3*k = -14 - 118. Let o = 62 + 48. Calculate the greatest common divisor of o and k.
22
Let y be 1/(10/(-6) - -2). Let z(j) = j + 1. Let b be z(7). Suppose -k = -0*t - 2*t + b, y*t = 5*k - 2. What is the greatest common factor of t and 24?
6
Let h = -88 + 92. What is the greatest common factor of 12 and h?
4
Suppose 0 = 3*p + p - 128. Calculate the greatest common divisor of 32 and p.
32
Let t = 70 + -68. Calculate the highest common divisor of t and 10.
2
Let d be ((-51)/(-12))/((-4)/(-16)). Let c = d + -5. What is the greatest common factor of c and 4?
4
Let k(h) = -2*h**3 - h**2 + 4*h + 3. Let c be k(-2). What is the highest common factor of c and 7?
7
Let s(q) = q**2 - 10*q + 8. Let c be s(14). What is the greatest common divisor of 8 and c?
8
Let w(z) = -5*z + 4. Let x be w(-10). Suppose x = i + 2*i. Calculate the greatest common factor of 144 and i.
18
Suppose 0 = -o + 2, -3*o + 7*o = 5*s - 62. Suppose 4*n = 5*z - z - 64, -5*z - 5*n + 60 = 0. What is the highest common divisor of z and s?
14
Suppose 5*f - 384 = -3*s - 0*f, 0 = 5*s - 4*f - 603. Suppose -3*q - 245 = 4*q. Let k = q + s. Calculate the greatest common divisor of k and 8.
8
Let q(n) = 5*n - 8. Let v be q(-9). Let z be 1*(76 - (-6)/(-3)). Let u = z + v. Calculate the greatest common factor of 21 and u.
21
Let m(c) = c**3 - 4*c**2 + 7*c - 5. Let z be m(2). Calculate the highest common divisor of 3 and z.
1
Suppose -4*c - 1 = -5*u, -u + 10 = u - 4*c. Let k(y) = -3*y. Let t be k(u). What is the highest common divisor of 81 and t?
9
Suppose -x - 3 = -5. Calculate the highest common factor of x and 2.
2
Suppose -8 = -34*h + 30*h. What is the greatest common factor of h and 3?
1
Let j = 5 + -4. Calculate the greatest common divisor of j and 1.
1
Let s = -8 - -9. Calculate the highest common factor of s and 8.
1
Suppose -3*t + 36 = -5*k, -2*t + 24 = k - 0*k. Suppose -52*q = -61*q + 432. What is the highest common factor of q and t?
12
Let f be (-12)/8*8/(-6). Let n be f - 2 - 1 - -3. Let y be 92/3 - n/3. Calculate the greatest common divisor of 6 and y.
6
Let g = 5 - 1. Let k(q) = 2*q + 2. Let w be k(1). Suppose -w*b = g*s, 5 + 3 = -2*s. Calculate the greatest common divisor of b and 28.
4
Let u be (-44)/(-66) + 20/6. Calculate the highest common divisor of u and 124.
4
Suppose -4*q - 30 = -o, 6*o + 5*q - 15 = 2*o. Let d be (-120)/9*(-9)/3. What is the greatest common factor of o and d?
10
Suppose 7*d - 90 = 2*d. Suppose -7*g + 2*g = -10. Suppose 0 = -g*s + 3*l + 87, -2*s + 164 = 2*s - 4*l. What is the greatest common divisor of s and d?
18
Let x(n) = 2*n**2 - 2*n + 4. Let j be x(5). Calculate the greatest common factor of j and 4.
4
Suppose -3*w + 12 = w. Let h be 2 + (18/2)/3. Suppose h*d - u = 13, 0*d + 7 = 2*d - u. What is the highest common factor of w and d?
1
Suppose 5*b - 4 = 26. Let a = b - -29. Suppose 3*x - 7 - 8 = 0. What is the highest common factor of a and x?
5
Suppose -2 = 4*o + 3*z, -3*z = 3*o - 0*z + 3. Calculate the greatest common divisor of o 